{"id":294,"date":"2021-12-07T15:30:10","date_gmt":"2021-12-07T15:30:10","guid":{"rendered":"https:\/\/websitebuilder-demo.net\/refix\/?page_id=5"},"modified":"2025-01-27T22:54:35","modified_gmt":"2025-01-27T21:54:35","slug":"demo-home","status":"publish","type":"page","link":"https:\/\/ines.bonvallet.formation-esiac.fr\/","title":{"rendered":"Home"},"content":{"rendered":"<div class=\"brz-root__container brz-reset-all brz brz-root__container-page\">\n<section id=\"_untsczoqpfjppacrrqvtudcmtyhzbykjldiu\" class=\"brz-section brz-css-1hhhdx2 brz-css-qjdrqb\">\n<div class=\"brz-section__content brz-section--boxed brz-css-shxfqb brz-css-1d2kiqq\" data-brz-custom-id=\"sxzovyhpayqarmvjhhrtzpbkldccstvhpidg\">\n<div class=\"brz-bg\">\n<div class=\"brz-bg-image\"><\/div>\n<div class=\"brz-bg-color\"><\/div>\n<\/div>\n<div class=\"brz-container brz-css-1r3rhav brz-css-15blqpp\">\n<div class=\"brz-row__container brz-css-zwreuv\" data-brz-custom-id=\"odhzeqbznncvuscbqerjkxomlmfsgjuopwvf\">\n<div class=\"brz-bg\"><\/div>\n<div class=\"brz-row brz-css-196fyyj brz-css-1s19j2p\">\n<div class=\"brz-columns brz-css-1qn96qt brz-css-1bw5a4a\" data-brz-custom-id=\"rfqczzbhseyrmbpnlmkvncgsbdglmwfbnjpl\">\n<div class=\"brz-bg\"><\/div>\n<div class=\"brz-column__items brz-css-1dlavf7 brz-css-1de6hqh\">\n<div id=\"\" class=\"brz-css-1tdaiaz brz-css-1xb18dg brz-wrapper\">\n<div class=\"brz-rich-text brz-rich-text__custom brz-css-1v2nkgp\" data-brz-custom-id=\"gddduaqmkauegilsffrkoiseiaiowstvbnha\">\n<div data-brz-translate-text=\"1\">\n<p class=\"brz-text-lg-justify brz-mb-xs-10 brz-mt-xs-10 brz-tp-lg-heading1 brz-css-x396F\" data-uniq-id=\"mBVXG\" data-generated-css=\"brz-css-x4PCJ\"><span class=\"brz-cp-color8\">Portfolio<\/span><\/p>\n<\/div>\n<\/div>\n<\/div>\n<div id=\"\" class=\"brz-css-1tdaiaz brz-css-17afmyc brz-wrapper\">\n<div class=\"brz-rich-text brz-rich-text__custom brz-css-1v2nkgp\" data-brz-custom-id=\"viorbxvuizxjszwyjvuyinowlpjsvegyqgkd\">\n<div data-brz-translate-text=\"1\">\n<h2 class=\"brz-text-lg-justify brz-mt-lg-0 brz-mb-lg-40 brz-tp-lg-heading2 brz-css-ho3B8\" data-uniq-id=\"tdmaM\" data-generated-css=\"brz-css-hxENy\"><span class=\"brz-bgp-color2\">BTS SIO<\/span><\/h2>\n<\/div>\n<\/div>\n<\/div>\n<div id=\"\" class=\"brz-css-1tdaiaz brz-css-ggj07o brz-wrapper\">\n<div class=\"brz-rich-text brz-rich-text__custom brz-css-1v2nkgp\" data-brz-custom-id=\"o66uaoooxiez\">\n<div data-brz-translate-text=\"1\">\n<p class=\"brz-text-lg-justify brz-tp-lg-heading3 brz-css-viOpR\" data-uniq-id=\"zVBtr\" data-generated-css=\"brz-css-ez_ci\"><span class=\"brz-cp-color8\">In\u00e8s Bonvallet<\/span><\/p>\n<\/div>\n<\/div>\n<\/div>\n<\/div>\n<\/div>\n<div class=\"brz-columns brz-css-1qn96qt brz-css-1kehcqc\" data-brz-custom-id=\"hexX4oIOzuY_\">\n<div class=\"brz-bg\"><\/div>\n<div class=\"brz-column__items brz-css-1dlavf7\">\n<div id=\"\" class=\"brz-css-1tdaiaz brz-css-76lxw2 brz-wrapper\">\n<div class=\"brz-image brz-css-kh0ob3 brz-css-hdwfba\" data-brz-custom-id=\"fzNg1EkF0Vdx\"><img decoding=\"async\" class=\"brz-img\" src=\"https:\/\/ines.bonvallet.formation-esiac.fr\/wp-content\/uploads\/2024\/11\/IMG_6207.jpg\" alt=\"\" loading=\"lazy\"><\/div>\n<\/div>\n<\/div>\n<\/div>\n<\/div>\n<\/div>\n<\/div>\n<\/div>\n<\/section>\n<section id=\"_gND4ZG4iE3u1\" class=\"brz-section brz-css-1hhhdx2\">\n<div class=\"brz-section__content brz-section--boxed brz-css-shxfqb brz-css-gdhnxs\" data-brz-custom-id=\"raRkwm_gMt_x\">\n<div class=\"brz-bg\">\n<div class=\"brz-bg-color\"><\/div>\n<\/div>\n<div class=\"brz-container brz-css-1r3rhav\">\n<div class=\"brz-row__container brz-css-zwreuv brz-css-jb2j98\" data-brz-custom-id=\"wmx2pRCGOij8\">\n<div class=\"brz-bg\"><\/div>\n<div class=\"brz-row brz-css-196fyyj brz-css-1s19j2p\">\n<div class=\"brz-columns brz-css-1qn96qt brz-css-eepi27\" data-brz-custom-id=\"bHooZoO8Ir8r\">\n<div class=\"brz-column__items brz-css-1dlavf7 brz-css-18t1q2o\">\n<div class=\"brz-row__container brz-css-zwreuv\" data-brz-custom-id=\"sJATkMbhRKZv\">\n<div class=\"brz-bg\"><\/div>\n<div class=\"brz-row brz-row--inner brz-css-196fyyj brz-css-1s19j2p\">\n<div class=\"brz-columns brz-css-1qn96qt brz-css-1vhe5j\" data-brz-custom-id=\"cdIoWQu1vGlU\">\n<div class=\"brz-bg\"><\/div>\n<div class=\"brz-column__items brz-css-1dlavf7 brz-css-1qpfxt4\">\n<div id=\"\" class=\"brz-css-1tdaiaz brz-css-7jhcfv brz-wrapper\">\n<div class=\"brz-image brz-css-1hulykd\" data-brz-custom-id=\"k0ozai4POcy5\"><img decoding=\"async\" class=\"brz-img\" src=\"https:\/\/ines.bonvallet.formation-esiac.fr\/wp-content\/uploads\/brizy\/imgs\/6569db352e0000d2306c9951-137x137x0x1x137x134x1732999290.webp\" alt=\"\" loading=\"lazy\"><\/div>\n<\/div>\n<div id=\"\" class=\"brz-css-1tdaiaz brz-css-p19hdm brz-wrapper\">\n<div class=\"brz-map brz-map_styles brz-css-tfyrsy brz-css-1vv2e26\" data-brz-custom-id=\"ccaaNac6mrQN\">\n<div class=\"brz-ui-ed-map-content\"><iframe src=\"https:\/\/www.google.com\/maps\/embed\/v1\/place?key=AIzaSyCcywKcxXeMZiMwLDcLgyEnNglcLOyB_qw&amp;q=fab academy le mans&amp;zoom=15\"><\/iframe><\/div>\n<\/div>\n<\/div>\n<div id=\"\" class=\"brz-css-1tdaiaz brz-css-1de3ofa brz-wrapper\">\n<div class=\"brz-rich-text brz-rich-text__custom brz-css-1v2nkgp\" data-brz-custom-id=\"bVAWM1LxW95j\">\n<div data-brz-translate-text=\"1\">\n<p class=\"brz-mb-lg-30 brz-mt-lg-30 brz-tp-lg-heading6 brz-css-yLdgA\" data-uniq-id=\"nE0r1\" data-generated-css=\"brz-css-iWYmZ\"><span>1 Rue du Ribay, 72000 Le Mans<\/span><\/p>\n<\/div>\n<\/div>\n<\/div>\n<div id=\"\" class=\"brz-css-1tdaiaz brz-css-1s4v23l brz-wrapper\">\n<div class=\"brz-icon-text brz-css-vqy8bh\" data-brz-custom-id=\"gRkp6mLOcIlj\">\n<div class=\"brz-icon__container\" data-brz-custom-id=\"cZsJBOXK5itF\"><span class=\"brz-icon brz-span brz-css-1i5o8d8 brz-css-1ust0ym\"><\/span><\/div>\n<div class=\"brz-text-btn\">\n<div class=\"brz-rich-text brz-rich-text__custom brz-css-1v2nkgp\" data-brz-custom-id=\"kw0CXbWGSUuv\">\n<div data-brz-translate-text=\"1\">\n<p class=\"brz-tp-lg-heading6 brz-css-s_vYV\" data-generated-css=\"brz-css-tMs6_\" data-uniq-id=\"xgD7U\"><span class=\"brz-cp-color7\">02 43 21 77 77<\/span><\/p>\n<\/div>\n<\/div>\n<\/div>\n<\/div>\n<\/div>\n<\/div>\n<\/div>\n<\/div>\n<\/div>\n<div id=\"\" class=\"brz-css-1tdaiaz brz-css-88kovf brz-css-q0cwfq brz-wrapper\">\n<div class=\"brz-spacer brz-css-1i4pulk brz-css-7pagsj\"><\/div>\n<\/div>\n<div id=\"\" class=\"brz-css-1tdaiaz brz-css-88kovf brz-css-1vkpg0a brz-wrapper\">\n<div class=\"brz-spacer brz-css-1i4pulk brz-css-11wy2ls\"><\/div>\n<\/div>\n<\/div>\n<\/div>\n<div class=\"brz-columns brz-css-1qn96qt brz-css-g4dd6p\" data-brz-custom-id=\"zzdL84kc2q75\">\n<div class=\"brz-bg\"><\/div>\n<div class=\"brz-column__items brz-css-1dlavf7 brz-css-exlsu9\">\n<div id=\"\" class=\"brz-css-1tdaiaz brz-css-hqmbfr brz-wrapper\">\n<div class=\"brz-image brz-css-17ci58\" data-brz-custom-id=\"cZRQqffrNw40\"><img decoding=\"async\" class=\"brz-img\" src=\"https:\/\/ines.bonvallet.formation-esiac.fr\/wp-content\/uploads\/brizy\/imgs\/2833637-292x292x0x12x292x269x1733002186.png\" alt=\"\" loading=\"lazy\"><\/div>\n<\/div>\n<\/div>\n<\/div>\n<\/div>\n<\/div>\n<div id=\"\" class=\"brz-css-1tdaiaz brz-wrapper\">\n<div class=\"brz-rich-text brz-rich-text__custom brz-css-1v2nkgp\" data-brz-custom-id=\"vqDn6W5bk0q4\">\n<div data-brz-translate-text=\"1\">\n<p data-generated-css=\"brz-css-bMyZS\" data-uniq-id=\"vKNVs\" class=\"brz-tp-lg-empty brz-ff-roboto_slab brz-ft-google brz-fs-lg-30 brz-fss-lg-px brz-fw-lg-400 brz-ls-lg-0 brz-lh-lg-1_4 brz-vfw-lg-400 brz-fwdth-lg-100 brz-fsft-lg-0 brz-css-oss9A\"><strong class=\"brz-cp-color2 brz-bold-true\">Pr\u00e9sentation de la Fab&rsquo;Academy <\/strong><\/p>\n<p class=\"brz-tp-lg-paragraph brz-css-lquvj\" data-generated-css=\"brz-css-lFcgZ\" data-uniq-id=\"tX15_\"><span class=\"brz-cp-color7\">La Fab&rsquo;Academy, implant\u00e9e en Pays de la Loire, est un centre de formation d\u00e9di\u00e9 aux m\u00e9tiers industriels, proposant des formations en apprentissage (CAP \u00e0 Bac+5), formation continue et conseil aux entreprises. Avec 24 000 m\u00b2 de plateaux techniques modernes, elle collabore avec 1720 entreprises partenaires pour r\u00e9pondre aux besoins des talents industriels.<\/span><\/p>\n<p data-generated-css=\"brz-css-lFcgZ\" data-uniq-id=\"tX15_\" class=\"brz-tp-lg-paragraph brz-css-gWOYg\"><span class=\"brz-cp-color7\"> <\/span><\/p>\n<p data-generated-css=\"brz-css-ujzmI\" data-uniq-id=\"fThUi\" class=\"brz-tp-lg-empty brz-ff-roboto_slab brz-ft-google brz-fs-lg-30 brz-fss-lg-px brz-fw-lg-400 brz-ls-lg-0 brz-lh-lg-1_4 brz-vfw-lg-400 brz-fwdth-lg-100 brz-fsft-lg-0 brz-css-b8mkB\"><strong class=\"brz-cp-color2 brz-bold-true\">BTS SIO Option SISR<\/strong><\/p>\n<p class=\"brz-tp-lg-paragraph brz-css-vMOkT\" data-generated-css=\"brz-css-eaq_Q\" data-uniq-id=\"cYY0i\"><span class=\"brz-cp-color7\">Le <\/span><strong class=\"brz-cp-color7\">BTS Services Informatiques aux Organisations (SIO)<\/strong><span class=\"brz-cp-color7\">, option <\/span><strong class=\"brz-cp-color7\">SISR (Solutions d&rsquo;Infrastructure, Syst\u00e8mes et R\u00e9seaux)<\/strong><span class=\"brz-cp-color7\">, forme des sp\u00e9cialistes en gestion et s\u00e9curisation des infrastructures r\u00e9seau. Alternance et pratique intensive permettent une insertion professionnelle rapide.<\/span><\/p>\n<p class=\"brz-tp-lg-paragraph brz-css-dnKiJ\" data-generated-css=\"brz-css-eaq_Q\" data-uniq-id=\"cYY0i\"><span class=\"brz-cp-color7\"> <\/span><\/p>\n<p class=\"brz-tp-lg-paragraph brz-css-moxLP\" data-generated-css=\"brz-css-pvQJo\" data-uniq-id=\"z8Zmc\"><a class=\"link--external\" href=\"https:\/\/www.fabacademy-pdl.fr\/\" data-brz-link-type=\"external\" target=\"_blank\">En savoir plus<\/a><\/p>\n<\/div>\n<\/div>\n<\/div>\n<\/div>\n<\/div>\n<\/section>\n<section id=\"_acxiizueqxnvmihfbxmgjedlzzlpofbeduen\" class=\"brz-section brz-css-1hhhdx2\">\n<div class=\"brz-section__content brz-section--boxed brz-css-shxfqb brz-css-634i8l\" data-brz-custom-id=\"qbzxbvdfzajrvdrkfacbelbtezsrnjxeovof\">\n<div class=\"brz-bg\">\n<div class=\"brz-bg-color\"><\/div>\n<\/div>\n<div class=\"brz-container brz-css-1r3rhav\">\n<div class=\"brz-wrapper-clone brz-css-10fcvwr brz-css-tx3w6m\">\n<div class=\"brz-d-xs-flex brz-flex-xs-wrap brz-css-rhh5se\" data-brz-custom-id=\"\">\n<div class=\"brz-wrapper-clone__item\" id=\"jqeqvzsqsptnwnrpkmxiyrzjcfovwcrntgcr\">\n<div class=\"brz-icon__container\" data-brz-custom-id=\"jqeqvzsqsptnwnrpkmxiyrzjcfovwcrntgcr\"><span class=\"brz-icon brz-span brz-css-1i5o8d8 brz-css-1wthmuc\"><\/span><\/div>\n<\/div>\n<\/div>\n<\/div>\n<div id=\"\" class=\"brz-css-1tdaiaz brz-css-1m7f9d brz-wrapper\">\n<div class=\"brz-rich-text brz-rich-text__custom brz-css-1v2nkgp\" data-brz-custom-id=\"qidewqwqmcywzngesqpicyjseeegkrwvzrvu\">\n<div data-brz-translate-text=\"1\">\n<p class=\"brz-text-lg-center brz-tp-lg-heading2 brz-mb-lg-40 brz-css-t9U1a\" data-uniq-id=\"eRWeD\" data-generated-css=\"brz-css-cx2BP\"><span class=\"brz-cp-color8\">Comp\u00e9tences<\/span><\/p>\n<\/div>\n<\/div>\n<\/div>\n<div class=\"brz-row__container brz-css-zwreuv\" data-brz-custom-id=\"qfhlkejwezypsjqwxdtioborqbdbegvsmhxy\">\n<div class=\"brz-bg\"><\/div>\n<div class=\"brz-row brz-css-196fyyj brz-css-1s19j2p\">\n<div class=\"brz-columns brz-css-1qn96qt brz-css-c0lhz2\" data-brz-custom-id=\"pyosiotwyidtozdricvuqcrxbbtqgjcylvni\">\n<div class=\"brz-bg\">\n<div class=\"brz-bg-color\"><\/div>\n<\/div>\n<div class=\"brz-column__items brz-css-1dlavf7 brz-css-rnxc20\">\n<div class=\"brz-wrapper-clone brz-css-10fcvwr\">\n<div class=\"brz-d-xs-flex brz-flex-xs-wrap brz-css-rhh5se\" data-brz-custom-id=\"\">\n<div class=\"brz-wrapper-clone__item\" id=\"dxmjshfkxbiegwiyabemzsnsskfyilojvkke\">\n<div class=\"brz-icon__container\" data-brz-custom-id=\"dxmjshfkxbiegwiyabemzsnsskfyilojvkke\"><span class=\"brz-icon brz-span brz-css-1i5o8d8 brz-css-ci1wpe\"><\/span><\/div>\n<\/div>\n<\/div>\n<\/div>\n<div id=\"\" class=\"brz-css-1tdaiaz brz-css-b7rd7u brz-wrapper\">\n<div class=\"brz-rich-text brz-rich-text__custom brz-css-1v2nkgp\" data-brz-custom-id=\"yrlzmozeckraybkjtkycyqyxjnfsqofablda\">\n<div data-brz-translate-text=\"1\">\n<p class=\"brz-tp-lg-paragraph brz-text-lg-center brz-css-enClX\" data-uniq-id=\"sKWQW\" data-generated-css=\"brz-css-iqyvL\"><span class=\"brz-cp-color2\">Windows Server<\/span><\/p>\n<\/div>\n<\/div>\n<\/div>\n<\/div>\n<\/div>\n<div class=\"brz-columns brz-css-1qn96qt brz-css-1ia12wu\" data-brz-custom-id=\"nxuvxookwvrijuixwidikwcemgtpavydamot\">\n<div class=\"brz-bg\">\n<div class=\"brz-bg-color\"><\/div>\n<\/div>\n<div class=\"brz-column__items brz-css-1dlavf7 brz-css-ib2bq0\">\n<div class=\"brz-wrapper-clone brz-css-10fcvwr\">\n<div class=\"brz-d-xs-flex brz-flex-xs-wrap brz-css-rhh5se\" data-brz-custom-id=\"\">\n<div class=\"brz-wrapper-clone__item\" id=\"przujkpjuxouzzswfttlxywxsyttxqqmfsxb\">\n<div class=\"brz-icon__container\" data-brz-custom-id=\"przujkpjuxouzzswfttlxywxsyttxqqmfsxb\"><span class=\"brz-icon brz-span brz-css-1i5o8d8 brz-css-2gorja\"><\/span><\/div>\n<\/div>\n<\/div>\n<\/div>\n<div id=\"\" class=\"brz-css-1tdaiaz brz-css-34isla brz-wrapper\">\n<div class=\"brz-rich-text brz-rich-text__custom brz-css-1v2nkgp\" data-brz-custom-id=\"blvxkzwfvhgurzhsvzbxakcrszsuwrmlvkgo\">\n<div data-brz-translate-text=\"1\">\n<p class=\"brz-text-lg-center brz-tp-lg-paragraph brz-css-hwzv5\" data-uniq-id=\"sZZFY\" data-generated-css=\"brz-css-ezg7J\">Linux Server<\/p>\n<\/div>\n<\/div>\n<\/div>\n<\/div>\n<\/div>\n<div class=\"brz-columns brz-css-1qn96qt brz-css-or4p64\" data-brz-custom-id=\"xaplfdzdcyzviiifjthsnqqyzgbkkwgrcrwq\">\n<div class=\"brz-bg\">\n<div class=\"brz-bg-color\"><\/div>\n<\/div>\n<div class=\"brz-column__items brz-css-1dlavf7 brz-css-byzyxn\">\n<div class=\"brz-wrapper-clone brz-css-10fcvwr\">\n<div class=\"brz-d-xs-flex brz-flex-xs-wrap brz-css-rhh5se\" data-brz-custom-id=\"\">\n<div class=\"brz-wrapper-clone__item\" id=\"izlkdqgvatgtbesntvcugjrelarhoiwruwtf\">\n<div class=\"brz-icon__container\" data-brz-custom-id=\"izlkdqgvatgtbesntvcugjrelarhoiwruwtf\"><span class=\"brz-icon brz-span brz-css-1i5o8d8 brz-css-ow97e0\"><\/span><\/div>\n<\/div>\n<\/div>\n<\/div>\n<div id=\"\" class=\"brz-css-1tdaiaz brz-css-12wh6qa brz-wrapper\">\n<div class=\"brz-rich-text brz-rich-text__custom brz-css-1v2nkgp\" data-brz-custom-id=\"retvhitwbaticpbyvwmrkcponmbfagkookuu\">\n<div data-brz-translate-text=\"1\">\n<p class=\"brz-text-lg-center brz-tp-lg-paragraph brz-css-tGaRw\" data-uniq-id=\"ySerq\" data-generated-css=\"brz-css-rEmoZ\">Firewall &amp; VPN<\/p>\n<\/div>\n<\/div>\n<\/div>\n<\/div>\n<\/div>\n<div class=\"brz-columns brz-css-1qn96qt brz-css-dotpuw\" data-brz-custom-id=\"ypgxstksgjwibrrhhhoixvlrlkedkgcfklfs\">\n<div class=\"brz-bg\">\n<div class=\"brz-bg-color\"><\/div>\n<\/div>\n<div class=\"brz-column__items brz-css-1dlavf7 brz-css-1g2zboz\">\n<div class=\"brz-wrapper-clone brz-css-10fcvwr\">\n<div class=\"brz-d-xs-flex brz-flex-xs-wrap brz-css-rhh5se\" data-brz-custom-id=\"\">\n<div class=\"brz-wrapper-clone__item\" id=\"ecohmxtakhrseabhgbcgqtmenqcpqgsctmaz\">\n<div class=\"brz-icon__container\" data-brz-custom-id=\"ecohmxtakhrseabhgbcgqtmenqcpqgsctmaz\"><span class=\"brz-icon brz-span brz-css-1i5o8d8 brz-css-1nzmr47\"><\/span><\/div>\n<\/div>\n<\/div>\n<\/div>\n<div id=\"\" class=\"brz-css-1tdaiaz brz-css-oxsz74 brz-wrapper\">\n<div class=\"brz-rich-text brz-rich-text__custom brz-css-1v2nkgp\" data-brz-custom-id=\"aypzsycuwpfoledjfqzawxngafjwqheymvak\">\n<div data-brz-translate-text=\"1\">\n<p class=\"brz-text-lg-center brz-tp-lg-paragraph brz-css-cNu7g\" data-uniq-id=\"jDgXG\" data-generated-css=\"brz-css-sud3P\">Architecture R\u00e9seau<\/p>\n<\/div>\n<\/div>\n<\/div>\n<\/div>\n<\/div>\n<div class=\"brz-columns brz-css-1qn96qt brz-css-18d0wc\" data-brz-custom-id=\"nekczwqsazinamihkxqasahjugrspduaxuwn\">\n<div class=\"brz-bg\">\n<div class=\"brz-bg-color\"><\/div>\n<\/div>\n<div class=\"brz-column__items brz-css-1dlavf7 brz-css-nbn7jk\">\n<div class=\"brz-wrapper-clone brz-css-10fcvwr\">\n<div class=\"brz-d-xs-flex brz-flex-xs-wrap brz-css-rhh5se\" data-brz-custom-id=\"\">\n<div class=\"brz-wrapper-clone__item\" id=\"liugfrioxttzywrqxqzruplutaitdwvnezvj\">\n<div class=\"brz-icon__container\" data-brz-custom-id=\"liugfrioxttzywrqxqzruplutaitdwvnezvj\"><span class=\"brz-icon brz-span brz-css-1i5o8d8 brz-css-x3u0gi\"><\/span><\/div>\n<\/div>\n<\/div>\n<\/div>\n<div id=\"\" class=\"brz-css-1tdaiaz brz-css-1ehmyg brz-wrapper\">\n<div class=\"brz-rich-text brz-rich-text__custom brz-css-1v2nkgp\" data-brz-custom-id=\"nrhgrpaibzexydjqtsxgytaxqnyqlovpyclh\">\n<div data-brz-translate-text=\"1\">\n<p class=\"brz-text-lg-center brz-tp-lg-paragraph brz-css-fjfBh\" data-uniq-id=\"mejQD\" data-generated-css=\"brz-css-mDGSu\"><span class=\"brz-cp-color2\">Script Bash<\/span><\/p>\n<\/div>\n<\/div>\n<\/div>\n<\/div>\n<\/div>\n<div class=\"brz-columns brz-css-1qn96qt brz-css-xi93v0\" data-brz-custom-id=\"joafecibugpnodmqwdikemuyvuyfelzmjkdb\">\n<div class=\"brz-bg\">\n<div class=\"brz-bg-color\"><\/div>\n<\/div>\n<div class=\"brz-column__items brz-css-1dlavf7 brz-css-1qglgaj\">\n<div class=\"brz-wrapper-clone brz-css-10fcvwr\">\n<div class=\"brz-d-xs-flex brz-flex-xs-wrap brz-css-rhh5se\" data-brz-custom-id=\"\">\n<div class=\"brz-wrapper-clone__item\" id=\"khyvmegbsygitshoxrqcosyqugkqjnwjgfvx\">\n<div class=\"brz-icon__container\" data-brz-custom-id=\"khyvmegbsygitshoxrqcosyqugkqjnwjgfvx\"><span class=\"brz-icon brz-span brz-css-1i5o8d8 brz-css-1e1sszw\"><\/span><\/div>\n<\/div>\n<\/div>\n<\/div>\n<div id=\"\" class=\"brz-css-1tdaiaz brz-css-1lzdezh brz-wrapper\">\n<div class=\"brz-rich-text brz-rich-text__custom brz-css-1v2nkgp\" data-brz-custom-id=\"caseqmqopygaksekziygzhvcqhkihcisplyd\">\n<div data-brz-translate-text=\"1\">\n<ul>\n<li data-uniq-id=\"fQ5kX\" data-generated-css=\"brz-css-lzeYz\" class=\"brz-tp-lg-paragraph brz-text-lg-justify brz-css-hBZxu\">VMWare<\/li>\n<li data-uniq-id=\"quXlU\" data-generated-css=\"brz-css-oCnAB\" class=\"brz-tp-lg-paragraph brz-text-lg-justify brz-css-kA7uX\">ProxMox <\/li>\n<\/ul>\n<\/div>\n<\/div>\n<\/div>\n<\/div>\n<\/div>\n<\/div>\n<\/div>\n<\/div>\n<\/div>\n<\/section>\n<\/div>\n<p>    <!-- version:1738014875 --><\/p>\n","protected":false},"excerpt":{"rendered":"<p>Portfolio BTS SIO In\u00e8s Bonvallet 1 Rue du Ribay, 72000 Le Mans 02 43 21 77 77 Pr\u00e9sentation de la Fab&rsquo;Academy La Fab&rsquo;Academy, implant\u00e9e en Pays de la Loire, est un centre de formation d\u00e9di\u00e9 aux m\u00e9tiers industriels, proposant des formations en apprentissage (CAP \u00e0 Bac+5), formation continue et conseil aux entreprises. Avec 24 000 [&hellip;]<\/p>\n","protected":false},"author":1,"featured_media":219,"parent":0,"menu_order":0,"comment_status":"closed","ping_status":"closed","template":"brizy-blank-template.php","meta":{"footnotes":""},"class_list":["post-294","page","type-page","status-publish","has-post-thumbnail","hentry"],"_links":{"self":[{"href":"https:\/\/ines.bonvallet.formation-esiac.fr\/index.php\/wp-json\/wp\/v2\/pages\/294","targetHints":{"allow":["GET"]}}],"collection":[{"href":"https:\/\/ines.bonvallet.formation-esiac.fr\/index.php\/wp-json\/wp\/v2\/pages"}],"about":[{"href":"https:\/\/ines.bonvallet.formation-esiac.fr\/index.php\/wp-json\/wp\/v2\/types\/page"}],"author":[{"embeddable":true,"href":"https:\/\/ines.bonvallet.formation-esiac.fr\/index.php\/wp-json\/wp\/v2\/users\/1"}],"replies":[{"embeddable":true,"href":"https:\/\/ines.bonvallet.formation-esiac.fr\/index.php\/wp-json\/wp\/v2\/comments?post=294"}],"version-history":[{"count":30,"href":"https:\/\/ines.bonvallet.formation-esiac.fr\/index.php\/wp-json\/wp\/v2\/pages\/294\/revisions"}],"predecessor-version":[{"id":619,"href":"https:\/\/ines.bonvallet.formation-esiac.fr\/index.php\/wp-json\/wp\/v2\/pages\/294\/revisions\/619"}],"wp:featuredmedia":[{"embeddable":true,"href":"https:\/\/ines.bonvallet.formation-esiac.fr\/index.php\/wp-json\/wp\/v2\/media\/219"}],"wp:attachment":[{"href":"https:\/\/ines.bonvallet.formation-esiac.fr\/index.php\/wp-json\/wp\/v2\/media?parent=294"}],"curies":[{"name":"wp","href":"https:\/\/api.w.org\/{rel}","templated":true}]}}